{"id":17,"date":"2019-02-24T11:46:55","date_gmt":"2019-02-24T11:46:55","guid":{"rendered":"https:\/\/buttersaeure.ch\/?page_id=17"},"modified":"2021-12-07T19:16:10","modified_gmt":"2021-12-07T19:16:10","slug":"startseite","status":"publish","type":"page","link":"https:\/\/buttersaeure.ch\/","title":{"rendered":"Butters\u00e4ure-Anschlag"},"content":{"rendered":"<p><strong>Wie verh\u00e4lt man sich bei einem Butters\u00e4ure-Anschlag<\/strong><\/p>\n<ol>\n<li>Nehmen Sie den Geruch von faulen Eier war oder Sie sehen eine Person, die Etwas absichtlich auf den Boden oder auf anderen Oberfl\u00e4chen eine Fl\u00fcssigkeit aussch\u00fcttet<\/li>\n<li>dann vergessen sie das Gesicht dieser Person nicht und teilen Sie es anderen mit und verlassen Sie und die anderen sofort den Raum&nbsp;<\/li>\n<li>Rufen sie die Polizei und die Feuerwehr und uns&nbsp;<\/li>\n<li>&nbsp;Wir verwenden Mitteln, die die Feuerwehr nicht verwenden tut<\/li>\n<\/ol>\n<p><strong>Ziel eines Butters\u00e4uren-Anschlags<\/strong><\/p>\n<p>Was ist das Ziel des <a href=\"https:\/\/buttersaeure.ch\/index.php\/buttersaeure-entfernen-lassen\/\">Butters\u00e4ure-<\/a>Anschlages, das Ziel ist, die Konkurrenz, die Mitbewerber zu schw\u00e4chen. <a href=\"https:\/\/buttersaeure.ch\/index.php\/buttersaeure-entfernen-lassen\/\">Butters\u00e4ure<\/a> ist schwer zu neutralisieren, darum wird es im Rotlichtmilieu als Druckmittel verwendet. Es gibt verschiedene <a href=\"https:\/\/buttersaeure.ch\/index.php\/buttersaeure-entfernen-lassen\/\">Butters\u00e4uren<\/a> , die Selbstgemischten und von Firmen Hergestellten <a href=\"https:\/\/buttersaeure.ch\/index.php\/buttersaeure-entfernen-lassen\/\">Butters\u00e4ure<\/a>n<strong>. <\/strong>Die Selbsthergestellten <a href=\"https:\/\/buttersaeure.ch\/index.php\/buttersaeure-entfernen-lassen\/\">Butters\u00e4uren <\/a>sind schw\u00e4cher und sind nicht so wirkungsvoll.&nbsp;<\/p>\n<p>Grunds\u00e4tzlich wird Butters\u00e4ure verwendet um Maulw\u00fcrfe und W\u00fchlm\u00e4use zu vertreiben und in Chemiefirmen um Produkte herzustellen.<\/p>\n<p>Was bewirkt&nbsp; <a href=\"https:\/\/buttersaeure.ch\/index.php\/buttersaeure-geruch\/\">Butters\u00e4ure<\/a> auf den Menschen, es kann Atemnot verursachen, daher sollte man den Raum sofort verlassen und die Fl\u00fcssigkeit nicht ber\u00fchren. Wenn Sie genau wissen wo die <a href=\"https:\/\/buttersaeure.ch\/index.php\/buttersaeure-entfernen-lassen\/\">Butters\u00e4ure<\/a> gespr\u00fcht wurde, k\u00f6nnen sie eine Plastikfolie dar\u00fcber legen, alle T\u00fcren verschliessen um eine Ausbreitung zu verhindern.<\/p>\n<p><strong>078 649 50 50<\/strong> \u260e&nbsp; &nbsp; &nbsp; &nbsp; &nbsp; &nbsp; &nbsp; oder&nbsp; &nbsp; &nbsp; &nbsp; &nbsp; &nbsp; &nbsp; &nbsp; &nbsp; &nbsp;<strong>076 399 59 12<\/strong> \u260e wird man Ihnen weiter helfen.&nbsp;<\/p>\n<p>Profi<\/p>\n<p><a href=\"https:\/\/tatortreinigung-zuerich.ch\/Butters%C3%A4ure-neutralisieren\">Tatortreinigung | Butters\u00e4ure neutralisieren lassen vom Profi (tatortreinigung-zuerich.ch)<\/a><\/p>\n<p>Wikipedia<\/p>\n<p><a href=\"https:\/\/de.wikipedia.org\/wiki\/Butters%C3%A4ure\">Butters\u00e4ure \u2013 Wikipedia<\/a><\/p>\n<p><\/p>\n<p><\/p>\n\n\n<h2 class=\"wp-block-heading\"><strong>Notfall Nummer<\/strong><\/h2>\n\n\n\n<p>Erreichbar unter<strong> 078 649 50 50 <\/strong> , das 24 Std , 365 Tagen<\/p>\n\n\n<p class=\"wp-block-site-tagline\">24 Stunden Service<\/p>\n\n<p class=\"wp-block-site-tagline\">24 Stunden Service<\/p>","protected":false},"excerpt":{"rendered":"<p>Wie verh\u00e4lt man sich bei einem Butters\u00e4ure-Anschlag Nehmen Sie den Geruch von faulen Eier war oder Sie sehen eine Person, die Etwas absichtlich auf den Boden oder auf anderen Oberfl\u00e4chen eine Fl\u00fcssigkeit aussch\u00fcttet dann vergessen sie das Gesicht dieser Person nicht und teilen Sie es anderen mit und verlassen Sie und die anderen sofort den &hellip; <\/p>\n<p class=\"link-more\"><a href=\"https:\/\/buttersaeure.ch\/\" class=\"more-link\"><span class=\"screen-reader-text\">\u201eButters\u00e4ure-Anschlag\u201c <\/span>weiterlesen<\/a><\/p>\n","protected":false},"author":1,"featured_media":0,"parent":0,"menu_order":0,"comment_status":"closed","ping_status":"closed","template":"","meta":{"footnotes":""},"class_list":["post-17","page","type-page","status-publish","hentry"],"yoast_head":"<!-- This site is optimized with the Yoast SEO plugin v26.8 - https:\/\/yoast.com\/product\/yoast-seo-wordpress\/ -->\n<title>Butters\u00e4ure Anschlag - 24 Stunden Service Butters\u00e4ure Neutralisation<\/title>\n<meta name=\"description\" content=\"Geruchneutralisation von Butters\u00e4ure \u2713 Kundenzufriedenheit sehr hoch \u2713\u271a stresslos &amp; schnell \u271a 24h Express Verhalten beim Butters\u00e4ure Anschlag Butters\u00e4ure Anschlag\" \/>\n<meta name=\"robots\" content=\"index, follow, max-snippet:-1, max-image-preview:large, max-video-preview:-1\" \/>\n<link rel=\"canonical\" href=\"https:\/\/buttersaeure.ch\/\" \/>\n<meta property=\"og:locale\" content=\"de_DE\" \/>\n<meta property=\"og:type\" content=\"article\" \/>\n<meta property=\"og:title\" content=\"Butters\u00e4ure Anschlag - 24 Stunden Service Butters\u00e4ure Neutralisation\" \/>\n<meta property=\"og:description\" content=\"Geruchneutralisation von Butters\u00e4ure \u2713 Kundenzufriedenheit sehr hoch \u2713\u271a stresslos &amp; schnell \u271a 24h Express Verhalten beim Butters\u00e4ure Anschlag Butters\u00e4ure Anschlag\" \/>\n<meta property=\"og:url\" content=\"https:\/\/buttersaeure.ch\/\" \/>\n<meta property=\"og:site_name\" content=\"Butters\u00e4ure Anschlag\" \/>\n<meta property=\"article:modified_time\" content=\"2021-12-07T19:16:10+00:00\" \/>\n<meta name=\"twitter:card\" content=\"summary_large_image\" \/>\n<meta name=\"twitter:label1\" content=\"Gesch\u00e4tzte Lesezeit\" \/>\n\t<meta name=\"twitter:data1\" content=\"2\u00a0Minuten\" \/>\n<script type=\"application\/ld+json\" class=\"yoast-schema-graph\">{\"@context\":\"https:\/\/schema.org\",\"@graph\":[{\"@type\":\"WebPage\",\"@id\":\"https:\/\/buttersaeure.ch\/\",\"url\":\"https:\/\/buttersaeure.ch\/\",\"name\":\"Butters\u00e4ure Anschlag - 24 Stunden Service Butters\u00e4ure Neutralisation\",\"isPartOf\":{\"@id\":\"https:\/\/buttersaeure.ch\/#website\"},\"datePublished\":\"2019-02-24T11:46:55+00:00\",\"dateModified\":\"2021-12-07T19:16:10+00:00\",\"description\":\"Geruchneutralisation von Butters\u00e4ure \u2713 Kundenzufriedenheit sehr hoch \u2713\u271a stresslos & schnell \u271a 24h Express Verhalten beim Butters\u00e4ure Anschlag Butters\u00e4ure Anschlag\",\"breadcrumb\":{\"@id\":\"https:\/\/buttersaeure.ch\/#breadcrumb\"},\"inLanguage\":\"de\",\"potentialAction\":[{\"@type\":\"ReadAction\",\"target\":[\"https:\/\/buttersaeure.ch\/\"]}]},{\"@type\":\"BreadcrumbList\",\"@id\":\"https:\/\/buttersaeure.ch\/#breadcrumb\",\"itemListElement\":[{\"@type\":\"ListItem\",\"position\":1,\"name\":\"Startseite\",\"item\":\"https:\/\/buttersaeure.ch\/\"},{\"@type\":\"ListItem\",\"position\":2,\"name\":\"Butters\u00e4ure-Anschlag\"}]},{\"@type\":\"WebSite\",\"@id\":\"https:\/\/buttersaeure.ch\/#website\",\"url\":\"https:\/\/buttersaeure.ch\/\",\"name\":\"Butters\u00e4ure Anschlag\",\"description\":\"24 Stunden Service\",\"potentialAction\":[{\"@type\":\"SearchAction\",\"target\":{\"@type\":\"EntryPoint\",\"urlTemplate\":\"https:\/\/buttersaeure.ch\/?s={search_term_string}\"},\"query-input\":{\"@type\":\"PropertyValueSpecification\",\"valueRequired\":true,\"valueName\":\"search_term_string\"}}],\"inLanguage\":\"de\"}]}<\/script>\n<!-- \/ Yoast SEO plugin. -->","yoast_head_json":{"title":"Butters\u00e4ure Anschlag - 24 Stunden Service Butters\u00e4ure Neutralisation","description":"Geruchneutralisation von Butters\u00e4ure \u2713 Kundenzufriedenheit sehr hoch \u2713\u271a stresslos & schnell \u271a 24h Express Verhalten beim Butters\u00e4ure Anschlag Butters\u00e4ure Anschlag","robots":{"index":"index","follow":"follow","max-snippet":"max-snippet:-1","max-image-preview":"max-image-preview:large","max-video-preview":"max-video-preview:-1"},"canonical":"https:\/\/buttersaeure.ch\/","og_locale":"de_DE","og_type":"article","og_title":"Butters\u00e4ure Anschlag - 24 Stunden Service Butters\u00e4ure Neutralisation","og_description":"Geruchneutralisation von Butters\u00e4ure \u2713 Kundenzufriedenheit sehr hoch \u2713\u271a stresslos & schnell \u271a 24h Express Verhalten beim Butters\u00e4ure Anschlag Butters\u00e4ure Anschlag","og_url":"https:\/\/buttersaeure.ch\/","og_site_name":"Butters\u00e4ure Anschlag","article_modified_time":"2021-12-07T19:16:10+00:00","twitter_card":"summary_large_image","twitter_misc":{"Gesch\u00e4tzte Lesezeit":"2\u00a0Minuten"},"schema":{"@context":"https:\/\/schema.org","@graph":[{"@type":"WebPage","@id":"https:\/\/buttersaeure.ch\/","url":"https:\/\/buttersaeure.ch\/","name":"Butters\u00e4ure Anschlag - 24 Stunden Service Butters\u00e4ure Neutralisation","isPartOf":{"@id":"https:\/\/buttersaeure.ch\/#website"},"datePublished":"2019-02-24T11:46:55+00:00","dateModified":"2021-12-07T19:16:10+00:00","description":"Geruchneutralisation von Butters\u00e4ure \u2713 Kundenzufriedenheit sehr hoch \u2713\u271a stresslos & schnell \u271a 24h Express Verhalten beim Butters\u00e4ure Anschlag Butters\u00e4ure Anschlag","breadcrumb":{"@id":"https:\/\/buttersaeure.ch\/#breadcrumb"},"inLanguage":"de","potentialAction":[{"@type":"ReadAction","target":["https:\/\/buttersaeure.ch\/"]}]},{"@type":"BreadcrumbList","@id":"https:\/\/buttersaeure.ch\/#breadcrumb","itemListElement":[{"@type":"ListItem","position":1,"name":"Startseite","item":"https:\/\/buttersaeure.ch\/"},{"@type":"ListItem","position":2,"name":"Butters\u00e4ure-Anschlag"}]},{"@type":"WebSite","@id":"https:\/\/buttersaeure.ch\/#website","url":"https:\/\/buttersaeure.ch\/","name":"Butters\u00e4ure Anschlag","description":"24 Stunden Service","potentialAction":[{"@type":"SearchAction","target":{"@type":"EntryPoint","urlTemplate":"https:\/\/buttersaeure.ch\/?s={search_term_string}"},"query-input":{"@type":"PropertyValueSpecification","valueRequired":true,"valueName":"search_term_string"}}],"inLanguage":"de"}]}},"_links":{"self":[{"href":"https:\/\/buttersaeure.ch\/index.php\/wp-json\/wp\/v2\/pages\/17","targetHints":{"allow":["GET"]}}],"collection":[{"href":"https:\/\/buttersaeure.ch\/index.php\/wp-json\/wp\/v2\/pages"}],"about":[{"href":"https:\/\/buttersaeure.ch\/index.php\/wp-json\/wp\/v2\/types\/page"}],"author":[{"embeddable":true,"href":"https:\/\/buttersaeure.ch\/index.php\/wp-json\/wp\/v2\/users\/1"}],"replies":[{"embeddable":true,"href":"https:\/\/buttersaeure.ch\/index.php\/wp-json\/wp\/v2\/comments?post=17"}],"version-history":[{"count":17,"href":"https:\/\/buttersaeure.ch\/index.php\/wp-json\/wp\/v2\/pages\/17\/revisions"}],"predecessor-version":[{"id":113,"href":"https:\/\/buttersaeure.ch\/index.php\/wp-json\/wp\/v2\/pages\/17\/revisions\/113"}],"wp:attachment":[{"href":"https:\/\/buttersaeure.ch\/index.php\/wp-json\/wp\/v2\/media?parent=17"}],"curies":[{"name":"wp","href":"https:\/\/api.w.org\/{rel}","templated":true}]}}